highest common factor of 420 and 450?
30
What is the greatest common factor of 1326 and 5083?
221
Calculate the highest common factor of 28 and 434.
14
Calculate the highest common divisor of 5572 and 42.
14
What is the greatest common divisor of 3526 and 492?
82
What is the highest common divisor of 6596 and 136?
68
What is the highest common divisor of 574 and 364?
14
What is the greatest common factor of 60 and 54?
6
Calculate the greatest common divisor of 14941 and 223.
223
What is the highest common factor of 990 and 1430?
110
Calculate the greatest common factor of 96 and 36.
12
Calculate the highest common divisor of 9568 and 48.
16
Calculate the greatest common divisor of 374 and 2431.
187
What is the highest common divisor of 7033 and 13?
13
Calculate the highest common factor of 5947 and 266.
19
Calculate the highest common factor of 17272 and 136.
136
Calculate the highest common factor of 248 and 96.
8
Calculate the highest common factor of 136 and 1156.
68
What is the highest common divisor of 1120 and 1536?
32
Calculate the greatest common divisor of 105 and 3210.
15
What is the highest common divisor of 12 and 108?
12
Calculate the greatest common divisor of 936 and 728.
104
What is the highest common factor of 10272 and 432?
48
Calculate the greatest common divisor of 667 and 23.
23
Calculate the highest common divisor of 30789 and 66.
33
Calculate the greatest common divisor of 7 and 1211.
7
What is the greatest common divisor of 176 and 44?
44
What is the highest common factor of 747 and 1079?
83
What is the highest common factor of 58 and 986?
58
Calculate the highest common factor of 1840 and 1280.
80
What is the greatest common factor of 215 and 731?
43
Calculate the highest common divisor of 1539 and 57.
57
Calculate the greatest common factor of 301 and 43.
43
Calculate the greatest common divisor of 1960 and 420.
140
What is the highest common factor of 63 and 42?
21
What is the greatest common factor of 30 and 1065?
15
Calculate the highest common factor of 6077 and 59.
59
Calculate the highest common divisor of 30711 and 87.
87
What is the greatest common divisor of 775 and 175?
25
Calculate the greatest common divisor of 1044 and 36.
36
Calculate the highest common divisor of 198 and 66.
66
Calculate the highest common factor of 1170 and 45.
45
Calculate the greatest common divisor of 183 and 732.
183
Calculate the greatest common divisor of 72 and 216.
72
Calculate the highest common factor of 558 and 17484.
186
What is the highest common divisor of 539 and 77?
77
What is the highest common factor of 273 and 861?
21
Calculate the greatest common factor of 39 and 2769.
39
What is the highest common divisor of 154 and 352?
22
Calculate the highest common factor of 5920 and 800.
160
What is the highest common divisor of 792 and 12?
12
Calculate the greatest common factor of 1134 and 36.
18
Calculate the greatest common factor of 80 and 1670.
10
What is the greatest common factor of 102 and 8466?
102
Calculate the highest common factor of 22515 and 570.
285
Calculate the highest common divisor of 296 and 8.
8
What is the greatest common divisor of 24 and 128?
8
What is the greatest common factor of 868 and 42?
14
Calculate the greatest common divisor of 9 and 711.
9
What is the highest common factor of 294 and 30?
6
Calculate the greatest common factor of 340 and 60.
20
What is the highest common factor of 784 and 928?
16
What is the greatest common factor of 13 and 13975?
13
Calculate the highest common factor of 168 and 12.
12
What is the greatest common factor of 515 and 5?
5
Calculate the highest common divisor of 96 and 36.
12
Calculate the highest common factor of 104 and 156.
52
Calculate the greatest common factor of 24 and 212.
4
Calculate the highest common factor of 13618 and 242.
22
Calculate the greatest common factor of 49 and 203.
7
What is the greatest common divisor of 8 and 13592?
8
Calculate the highest common divisor of 168 and 714.
42
What is the highest common factor of 1025 and 25?
25
What is the greatest common divisor of 960 and 288?
96
What is the highest common divisor of 15 and 695?
5
What is the greatest common divisor of 5959 and 59?
59
What is the highest common factor of 16 and 12872?
8
What is the highest common factor of 14 and 742?
14
Calculate the highest common divisor of 32 and 208.
16
What is the highest common divisor of 4330 and 70?
10
Calculate the greatest common factor of 4305 and 246.
123
Calculate the highest common factor of 729 and 162.
81
What is the greatest common factor of 106 and 3763?
53
Calculate the highest common factor of 441 and 189.
63
What is the highest common factor of 140 and 90?
10
Calculate the greatest common factor of 10 and 706.
2
What is the greatest common divisor of 288 and 54?
18
Calculate the highest common divisor of 33 and 81.
3
What is the greatest common divisor of 55 and 5?
5
What is the highest common factor of 1344 and 784?
112
What is the greatest common factor of 122 and 3782?
122
What is the highest common factor of 155 and 55?
5
Calculate the highest common divisor of 1561 and 446.
223
Calculate the greatest common factor of 6399 and 324.
81
What is the highest common divisor of 105 and 20895?
105
Calculate the highest common divisor of 13356 and 63.
63
Calculate the greatest common divisor of 2714 and 230.
46
Calculate the highest common factor of 30 and 2445.
15
Calculate the greatest common divisor of 112 and 5572.
28
What is the highest common factor of 2465 and 29?
29
Calculate the greatest common divisor of 290 and 4176.
58
Calculate the highest common factor of 150 and 205.
5
Calculate the greatest common divisor of 2413 and 19.
19
What is the greatest common factor of 256 and 160?
32
What is the highest common divisor of 10 and 90?
10
Calculate the greatest common divisor of 6665 and 31.
31
What is the highest common factor of 398 and 16915?
199
What is the greatest common divisor of 1605 and 214?
107
What is the highest common factor of 130 and 70?
10
What is the highest common divisor of 4371 and 282?
141
What is the greatest common factor of 15 and 1905?
15
Calculate the greatest common factor of 646 and 114.
38
Calculate the greatest common factor of 4096 and 128.
128
What is the highest common factor of 1817 and 23?
23
What is the highest common factor of 131 and 4716?
131
What is the highest common factor of 59 and 13157?
59
What is the greatest common factor of 36 and 102?
6
Calculate the highest common divisor of 8 and 4616.
8
Calculate the highest common divisor of 28 and 1204.
28
What is the greatest common factor of 1680 and 252?
84
What is the highest common factor of 291 and 6?
3
Calculate the greatest common factor of 32 and 4064.
32
Calculate the highest common factor of 36 and 27.
9
What is the greatest common factor of 305 and 15?
5
What is the greatest common divisor of 20 and 620?
20
Calculate the highest common factor of 32 and 1528.
8
What is the highest common factor of 77 and 2057?
11
What is the highest common divisor of 63 and 99?
9
What is the highest common divisor of 212 and 36676?
212
What is the highest common factor of 441 and 18?
9
What is the highest common factor of 425 and 799?
17
What is the greatest common divisor of 42 and 35?
7
Calculate the highest common divisor of 1443 and 39.
39
Calculate the highest common factor of 481 and 169.
13
Calculate the greatest common divisor of 22 and 407.
11
Calculate the greatest common factor of 36 and 828.
36
Calculate the greatest common divisor of 391 and 851.
23
Calculate the greatest common divisor of 311 and 1.
1
Calculate the greatest common divisor of 66 and 4818.
66
What is the greatest common factor of 60 and 45?
15
What is the greatest common divisor of 6075 and 525?
75
What is the highest common factor of 59 and 59?
59
What is the highest common divisor of 118 and 1298?
118
Calculate the greatest common factor of 289 and 4012.
17
Calculate the greatest common factor of 640 and 410.
10
What is the highest common divisor of 6 and 3?
3
Calculate the highest common divisor of 960 and 260.
20
Calculate the highest common divisor of 19 and 2071.
19
Calculate the highest common divisor of 6 and 39.
3
What is the greatest common factor of 924 an